{"id":448,"date":"2018-11-27T09:16:54","date_gmt":"2018-11-27T09:16:54","guid":{"rendered":"http:\/\/mantrarelax.com\/index.php\/home\/"},"modified":"2025-03-17T11:37:10","modified_gmt":"2025-03-17T11:37:10","slug":"inicio","status":"publish","type":"page","link":"https:\/\/mantrarelax.com\/","title":{"rendered":"Inicio"},"content":{"rendered":"\t\t<div data-elementor-type=\"wp-page\" data-elementor-id=\"448\" class=\"elementor elementor-448\" data-elementor-post-type=\"page\">\n\t\t\t\t\t\t<section class=\"elementor-section elementor-top-section elementor-element elementor-element-4bc3e3a elementor-section-boxed elementor-section-height-default elementor-section-height-default\" data-id=\"4bc3e3a\" data-element_type=\"section\" data-e-type=\"section\">\n\t\t\t\t\t\t<div class=\"elementor-container elementor-column-gap-default\">\n\t\t\t\t\t<div class=\"elementor-column elementor-col-100 elementor-top-column elementor-element elementor-element-e572234\" data-id=\"e572234\" data-element_type=\"column\" data-e-type=\"column\">\n\t\t\t<div class=\"elementor-widget-wrap elementor-element-populated\">\n\t\t\t\t\t\t<div class=\"elementor-element elementor-element-bd4f222 elementor--h-position-center elementor--v-position-middle elementor-arrows-position-inside elementor-pagination-position-inside elementor-widget elementor-widget-slides\" data-id=\"bd4f222\" data-element_type=\"widget\" data-e-type=\"widget\" data-settings=\"{&quot;autoplay_speed&quot;:10000,&quot;navigation&quot;:&quot;both&quot;,&quot;autoplay&quot;:&quot;yes&quot;,&quot;pause_on_hover&quot;:&quot;yes&quot;,&quot;pause_on_interaction&quot;:&quot;yes&quot;,&quot;infinite&quot;:&quot;yes&quot;,&quot;transition&quot;:&quot;slide&quot;,&quot;transition_speed&quot;:500}\" data-widget_type=\"slides.default\">\n\t\t\t\t<div class=\"elementor-widget-container\">\n\t\t\t\t\t\t\t\t\t<div class=\"elementor-swiper\">\n\t\t\t\t\t<div class=\"elementor-slides-wrapper elementor-main-swiper swiper\" role=\"region\" aria-roledescription=\"carousel\" aria-label=\"Diapositivas\" dir=\"ltr\" data-animation=\"fadeInUp\">\n\t\t\t\t<div class=\"swiper-wrapper elementor-slides\">\n\t\t\t\t\t\t\t\t\t\t<div class=\"elementor-repeater-item-17b350f swiper-slide\" role=\"group\" aria-roledescription=\"slide\"><div class=\"swiper-slide-bg elementor-ken-burns elementor-ken-burns--out\" role=\"img\" aria-label=\"Portrait of young Asian woman listening to music with earphones and holding a cup of coffee in the park outdoors.\"><\/div><div class=\"elementor-background-overlay\"><\/div><div class=\"swiper-slide-inner\" ><div class=\"swiper-slide-contents\"><div class=\"elementor-slide-heading\">Escucha nuestro PODCAST<\/div><div class=\"elementor-slide-description\">A partir de ahora tambi\u00e9n vas a poder disfrutar de todos nuestros art\u00edculos en formato podcast para que puedas escucharlos donde y cuando quieras! <\/div><a href=\"https:\/\/open.spotify.com\/show\/5vImLuCmpimwIgeEeDkEus?si=Nt5KVKj4Rd-LSh-xDXjKYw&#038;dl_branch=1\" target=\"_blank\" class=\"elementor-button elementor-slide-button elementor-size-sm\">\u00a1Escuchanos!<\/a><\/div><\/div><\/div><div class=\"elementor-repeater-item-7eca904 swiper-slide\" role=\"group\" aria-roledescription=\"slide\"><div class=\"swiper-slide-bg elementor-ken-burns elementor-ken-burns--in\" role=\"img\" aria-label=\"Summer relaxation on the river. The legs of a man sitting on the bow of the boat. Vltava river near Prague, Czech Republic\"><\/div><div class=\"elementor-background-overlay\"><\/div><div class=\"swiper-slide-inner\" ><div class=\"swiper-slide-contents\"><div class=\"elementor-slide-heading\">T\u00f3mate un descanso<\/div><div class=\"elementor-slide-description\">Lee nuestros posts y r\u00e9lajate aprendiendo m\u00e1s sobre este maravilloso mundo de la meditaci\u00f3n.<\/div><a href=\"https:\/\/mantrarelax.com\/index.php\/posts\/\" class=\"elementor-button elementor-slide-button elementor-size-sm\">Leer Posts<\/a><\/div><\/div><\/div><div class=\"elementor-repeater-item-acdba4d swiper-slide\" role=\"group\" aria-roledescription=\"slide\"><div class=\"swiper-slide-bg elementor-ken-burns elementor-ken-burns--in\" role=\"img\" aria-label=\"Young girl doing yoga at sunset\"><\/div><div class=\"elementor-background-overlay\"><\/div><div class=\"swiper-slide-inner\" ><div class=\"swiper-slide-contents\"><div class=\"elementor-slide-heading\">Meditaciones Guiadas<\/div><div class=\"elementor-slide-description\">\u00c9chale un vistazo a todas nuestras Meditaciones Guiadas GRATUITAS<\/div><a href=\"https:\/\/mantrarelax.com\/index.php\/videos\/\" class=\"elementor-button elementor-slide-button elementor-size-sm\">\u00a1Vamos all\u00e1!<\/a><\/div><\/div><\/div><div class=\"elementor-repeater-item-62efcf6 swiper-slide\" role=\"group\" aria-roledescription=\"slide\"><div class=\"swiper-slide-bg elementor-ken-burns elementor-ken-burns--in\" role=\"img\" aria-label=\"Beautiful couple sleeping and being cute\"><\/div><div class=\"elementor-background-overlay\"><\/div><a class=\"swiper-slide-inner\" href=\"https:\/\/mantrarelax.com\/index.php\/tienda\/\" target=\"_blank\"><div class=\"swiper-slide-contents\"><div class=\"elementor-slide-heading\">Visita Nuestra Tienda<\/div><div class=\"elementor-slide-description\">En nuestra tienda podr\u00e1s encontrar Meditaciones Guiada In\u00e9ditas, adem\u00e1s de descargarte TODAS las dem\u00e1s para poder escucharlas DONDE QUIERAS.<\/div><div  class=\"elementor-button elementor-slide-button elementor-size-sm\">Ir a la Tienda<\/div><\/div><\/a><\/div>\t\t\t\t<\/div>\n\t\t\t\t\t\t\t\t\t\t\t\t\t\t\t<div class=\"elementor-swiper-button elementor-swiper-button-prev\" role=\"button\" tabindex=\"0\" aria-label=\"Diapositiva anterior\">\n\t\t\t\t\t\t\t<i aria-hidden=\"true\" class=\"eicon-chevron-left\"><\/i>\t\t\t\t\t\t<\/div>\n\t\t\t\t\t\t<div class=\"elementor-swiper-button elementor-swiper-button-next\" role=\"button\" tabindex=\"0\" aria-label=\"Diapositiva siguiente\">\n\t\t\t\t\t\t\t<i aria-hidden=\"true\" class=\"eicon-chevron-right\"><\/i>\t\t\t\t\t\t<\/div>\n\t\t\t\t\t\t\t\t\t\t\t\t\t\t\t\t<div class=\"swiper-pagination\"><\/div>\n\t\t\t\t\t\t\t\t\t\t\t\t<\/div>\n\t\t\t\t<\/div>\n\t\t\t\t\t\t\t\t<\/div>\n\t\t\t\t<\/div>\n\t\t\t\t\t<\/div>\n\t\t<\/div>\n\t\t\t\t\t<\/div>\n\t\t<\/section>\n\t\t\t\t<section class=\"elementor-section elementor-top-section elementor-element elementor-element-6598d0d elementor-section-boxed elementor-section-height-default elementor-section-height-default\" data-id=\"6598d0d\" data-element_type=\"section\" data-e-type=\"section\">\n\t\t\t\t\t\t<div class=\"elementor-container elementor-column-gap-default\">\n\t\t\t\t\t<div class=\"elementor-column elementor-col-100 elementor-top-column elementor-element elementor-element-d3810c4\" data-id=\"d3810c4\" data-element_type=\"column\" data-e-type=\"column\">\n\t\t\t<div class=\"elementor-widget-wrap elementor-element-populated\">\n\t\t\t\t\t\t<div class=\"elementor-element elementor-element-c69b4c0 elementor-widget elementor-widget-heading\" data-id=\"c69b4c0\" data-element_type=\"widget\" data-e-type=\"widget\" data-widget_type=\"heading.default\">\n\t\t\t\t<div class=\"elementor-widget-container\">\n\t\t\t\t\t<h2 class=\"elementor-heading-title elementor-size-medium\">\ud83d\udd38\ud83d\udd38 \u00daltimos Posts \ud83d\udd38\ud83d\udd38<\/h2>\t\t\t\t<\/div>\n\t\t\t\t<\/div>\n\t\t\t\t<div class=\"elementor-element elementor-element-1bbce35 elementor-grid-3 elementor-grid-tablet-2 elementor-grid-mobile-1 elementor-posts--thumbnail-top elementor-card-shadow-yes elementor-posts__hover-gradient elementor-widget elementor-widget-posts\" data-id=\"1bbce35\" data-element_type=\"widget\" data-e-type=\"widget\" data-settings=\"{&quot;cards_row_gap&quot;:{&quot;unit&quot;:&quot;px&quot;,&quot;size&quot;:34,&quot;sizes&quot;:[]},&quot;cards_columns&quot;:&quot;3&quot;,&quot;cards_columns_tablet&quot;:&quot;2&quot;,&quot;cards_columns_mobile&quot;:&quot;1&quot;,&quot;cards_row_gap_tablet&quot;:{&quot;unit&quot;:&quot;px&quot;,&quot;size&quot;:&quot;&quot;,&quot;sizes&quot;:[]},&quot;cards_row_gap_mobile&quot;:{&quot;unit&quot;:&quot;px&quot;,&quot;size&quot;:&quot;&quot;,&quot;sizes&quot;:[]}}\" data-widget_type=\"posts.cards\">\n\t\t\t\t<div class=\"elementor-widget-container\">\n\t\t\t\t\t\t\t<div class=\"elementor-posts-container elementor-posts elementor-posts--skin-cards elementor-grid\" role=\"list\">\n\t\t\t\t<article class=\"elementor-post elementor-grid-item post-1193 post type-post status-publish format-standard has-post-thumbnail hentry category-coaching tag-activo-ante-las-dificultades entry has-media\" role=\"listitem\">\n\t\t\t<div class=\"elementor-post__card\">\n\t\t\t\t<a class=\"elementor-post__thumbnail__link\" href=\"https:\/\/mantrarelax.com\/index.php\/2021\/10\/04\/activo-dificultades\/\" tabindex=\"-1\" target=\"_blank\"><div class=\"elementor-post__thumbnail\"><img fetchpriority=\"high\" decoding=\"async\" width=\"300\" height=\"300\" src=\"https:\/\/mantrarelax.com\/wp-content\/uploads\/2021\/09\/activo-dificultades-628-300x300.png\" class=\"attachment-medium size-medium wp-image-1194\" alt=\"Como-ser-mas-activo-ante-las-dificultades\" srcset=\"https:\/\/mantrarelax.com\/wp-content\/uploads\/2021\/09\/activo-dificultades-628-300x300.png 300w, https:\/\/mantrarelax.com\/wp-content\/uploads\/2021\/09\/activo-dificultades-628-150x150.png 150w, https:\/\/mantrarelax.com\/wp-content\/uploads\/2021\/09\/activo-dificultades-628-768x768.png 768w, https:\/\/mantrarelax.com\/wp-content\/uploads\/2021\/09\/activo-dificultades-628-600x600.png 600w, https:\/\/mantrarelax.com\/wp-content\/uploads\/2021\/09\/activo-dificultades-628-100x100.png 100w, https:\/\/mantrarelax.com\/wp-content\/uploads\/2021\/09\/activo-dificultades-628.png 1000w\" sizes=\"(max-width: 300px) 100vw, 300px\" \/><\/div><\/a>\n\t\t\t\t<div class=\"elementor-post__text\">\n\t\t\t\t<h3 class=\"elementor-post__title\">\n\t\t\t<a href=\"https:\/\/mantrarelax.com\/index.php\/2021\/10\/04\/activo-dificultades\/\" target=&quot;_blank&quot;>\n\t\t\t\tC\u00f3mo ser m\u00e1s activo ante las dificultades\t\t\t<\/a>\n\t\t<\/h3>\n\t\t\t\t<div class=\"elementor-post__excerpt\">\n\t\t\t<p>Ser activo ante las dificultades es el mejor modo de superarlas. A lo largo de nuestra vida tenemos que enfrentarnos a dificultades&nbsp;de todo tipo: familiares,<\/p>\n\t\t<\/div>\n\t\t\n\t\t<a class=\"elementor-post__read-more\" href=\"https:\/\/mantrarelax.com\/index.php\/2021\/10\/04\/activo-dificultades\/\" aria-label=\"M\u00e1s informaci\u00f3n sobre C\u00f3mo ser m\u00e1s activo ante las dificultades\" tabindex=\"-1\" target=\"_blank\">\n\t\t\tLeer &gt;&gt;\t\t<\/a>\n\n\t\t\t\t<\/div>\n\t\t\t\t<div class=\"elementor-post__meta-data\">\n\t\t\t\t\t<span class=\"elementor-post-date\">\n\t\t\toctubre 4, 2021\t\t<\/span>\n\t\t\t\t<span class=\"elementor-post-avatar\">\n\t\t\tNo hay comentarios\t\t<\/span>\n\t\t\t\t<\/div>\n\t\t\t\t\t<\/div>\n\t\t<\/article>\n\t\t\t\t<article class=\"elementor-post elementor-grid-item post-1156 post type-post status-publish format-standard has-post-thumbnail hentry category-coaching tag-mantener-la-calma entry has-media\" role=\"listitem\">\n\t\t\t<div class=\"elementor-post__card\">\n\t\t\t\t<a class=\"elementor-post__thumbnail__link\" href=\"https:\/\/mantrarelax.com\/index.php\/2021\/09\/29\/mantener-calma-situaciones-dificiles\/\" tabindex=\"-1\" target=\"_blank\"><div class=\"elementor-post__thumbnail\"><img decoding=\"async\" width=\"300\" height=\"200\" src=\"https:\/\/mantrarelax.com\/wp-content\/uploads\/2021\/09\/mantener-calma-situaciones-dificiles-628-300x200.png\" class=\"attachment-medium size-medium wp-image-1157\" alt=\"Como-mantener-la-calma-en-situaciones-dificiles\" srcset=\"https:\/\/mantrarelax.com\/wp-content\/uploads\/2021\/09\/mantener-calma-situaciones-dificiles-628-300x200.png 300w, https:\/\/mantrarelax.com\/wp-content\/uploads\/2021\/09\/mantener-calma-situaciones-dificiles-628-768x511.png 768w, https:\/\/mantrarelax.com\/wp-content\/uploads\/2021\/09\/mantener-calma-situaciones-dificiles-628-600x399.png 600w, https:\/\/mantrarelax.com\/wp-content\/uploads\/2021\/09\/mantener-calma-situaciones-dificiles-628.png 999w\" sizes=\"(max-width: 300px) 100vw, 300px\" \/><\/div><\/a>\n\t\t\t\t<div class=\"elementor-post__text\">\n\t\t\t\t<h3 class=\"elementor-post__title\">\n\t\t\t<a href=\"https:\/\/mantrarelax.com\/index.php\/2021\/09\/29\/mantener-calma-situaciones-dificiles\/\" target=&quot;_blank&quot;>\n\t\t\t\tC\u00f3mo mantener la calma en situaciones dif\u00edciles\t\t\t<\/a>\n\t\t<\/h3>\n\t\t\t\t<div class=\"elementor-post__excerpt\">\n\t\t\t<p>&nbsp; Existen muchas habilidades enormemente \u00fatiles en la vida que deber\u00edamos cultivar. Algunas destacan m\u00e1s que otras tanto a nivel personal como pr\u00e1ctico, y una<\/p>\n\t\t<\/div>\n\t\t\n\t\t<a class=\"elementor-post__read-more\" href=\"https:\/\/mantrarelax.com\/index.php\/2021\/09\/29\/mantener-calma-situaciones-dificiles\/\" aria-label=\"M\u00e1s informaci\u00f3n sobre C\u00f3mo mantener la calma en situaciones dif\u00edciles\" tabindex=\"-1\" target=\"_blank\">\n\t\t\tLeer &gt;&gt;\t\t<\/a>\n\n\t\t\t\t<\/div>\n\t\t\t\t<div class=\"elementor-post__meta-data\">\n\t\t\t\t\t<span class=\"elementor-post-date\">\n\t\t\tseptiembre 29, 2021\t\t<\/span>\n\t\t\t\t<span class=\"elementor-post-avatar\">\n\t\t\tNo hay comentarios\t\t<\/span>\n\t\t\t\t<\/div>\n\t\t\t\t\t<\/div>\n\t\t<\/article>\n\t\t\t\t<article class=\"elementor-post elementor-grid-item post-1144 post type-post status-publish format-standard has-post-thumbnail hentry category-coaching tag-miedo-a-ser-vulnerable entry has-media\" role=\"listitem\">\n\t\t\t<div class=\"elementor-post__card\">\n\t\t\t\t<a class=\"elementor-post__thumbnail__link\" href=\"https:\/\/mantrarelax.com\/index.php\/2021\/09\/27\/superar-miedo-vulnerable\/\" tabindex=\"-1\" target=\"_blank\"><div class=\"elementor-post__thumbnail\"><img decoding=\"async\" width=\"300\" height=\"200\" src=\"https:\/\/mantrarelax.com\/wp-content\/uploads\/2021\/09\/superar-miedo-vulnerable-628-300x200.png\" class=\"attachment-medium size-medium wp-image-1145\" alt=\"Superar-el-miedo-a-ser-vulnerable\" srcset=\"https:\/\/mantrarelax.com\/wp-content\/uploads\/2021\/09\/superar-miedo-vulnerable-628-300x200.png 300w, https:\/\/mantrarelax.com\/wp-content\/uploads\/2021\/09\/superar-miedo-vulnerable-628-1024x682.png 1024w, https:\/\/mantrarelax.com\/wp-content\/uploads\/2021\/09\/superar-miedo-vulnerable-628-768x512.png 768w, https:\/\/mantrarelax.com\/wp-content\/uploads\/2021\/09\/superar-miedo-vulnerable-628-1536x1024.png 1536w, https:\/\/mantrarelax.com\/wp-content\/uploads\/2021\/09\/superar-miedo-vulnerable-628-600x400.png 600w, https:\/\/mantrarelax.com\/wp-content\/uploads\/2021\/09\/superar-miedo-vulnerable-628.png 2000w\" sizes=\"(max-width: 300px) 100vw, 300px\" \/><\/div><\/a>\n\t\t\t\t<div class=\"elementor-post__text\">\n\t\t\t\t<h3 class=\"elementor-post__title\">\n\t\t\t<a href=\"https:\/\/mantrarelax.com\/index.php\/2021\/09\/27\/superar-miedo-vulnerable\/\" target=&quot;_blank&quot;>\n\t\t\t\tSuperar el miedo a ser vulnerable\t\t\t<\/a>\n\t\t<\/h3>\n\t\t\t\t<div class=\"elementor-post__excerpt\">\n\t\t\t<p>La vulnerabilidad es un sentimiento que te hace sentir d\u00e9bil y expuesto ante los ojos de los dem\u00e1s. Este sentimiento de inseguridad puede desarrollarse en<\/p>\n\t\t<\/div>\n\t\t\n\t\t<a class=\"elementor-post__read-more\" href=\"https:\/\/mantrarelax.com\/index.php\/2021\/09\/27\/superar-miedo-vulnerable\/\" aria-label=\"M\u00e1s informaci\u00f3n sobre Superar el miedo a ser vulnerable\" tabindex=\"-1\" target=\"_blank\">\n\t\t\tLeer &gt;&gt;\t\t<\/a>\n\n\t\t\t\t<\/div>\n\t\t\t\t<div class=\"elementor-post__meta-data\">\n\t\t\t\t\t<span class=\"elementor-post-date\">\n\t\t\tseptiembre 27, 2021\t\t<\/span>\n\t\t\t\t<span class=\"elementor-post-avatar\">\n\t\t\tNo hay comentarios\t\t<\/span>\n\t\t\t\t<\/div>\n\t\t\t\t\t<\/div>\n\t\t<\/article>\n\t\t\t\t<\/div>\n\t\t\n\t\t\t\t\t\t<\/div>\n\t\t\t\t<\/div>\n\t\t\t\t<div class=\"elementor-element elementor-element-ce4f07d elementor-align-center elementor-widget elementor-widget-button\" data-id=\"ce4f07d\" data-element_type=\"widget\" data-e-type=\"widget\" data-widget_type=\"button.default\">\n\t\t\t\t<div class=\"elementor-widget-container\">\n\t\t\t\t\t\t\t\t\t<div class=\"elementor-button-wrapper\">\n\t\t\t\t\t<a class=\"elementor-button elementor-button-link elementor-size-sm\" href=\"https:\/\/mantrarelax.com\/index.php\/posts\/\">\n\t\t\t\t\t\t<span class=\"elementor-button-content-wrapper\">\n\t\t\t\t\t\t\t\t\t<span class=\"elementor-button-text\">M\u00e1s Art\u00edculos<\/span>\n\t\t\t\t\t<\/span>\n\t\t\t\t\t<\/a>\n\t\t\t\t<\/div>\n\t\t\t\t\t\t\t\t<\/div>\n\t\t\t\t<\/div>\n\t\t\t\t\t<\/div>\n\t\t<\/div>\n\t\t\t\t\t<\/div>\n\t\t<\/section>\n\t\t\t\t<section class=\"elementor-section elementor-top-section elementor-element elementor-element-f6223a2 elementor-section-boxed elementor-section-height-default elementor-section-height-default\" data-id=\"f6223a2\" data-element_type=\"section\" data-e-type=\"section\">\n\t\t\t\t\t\t<div class=\"elementor-container elementor-column-gap-default\">\n\t\t\t\t\t<div class=\"elementor-column elementor-col-100 elementor-top-column elementor-element elementor-element-e6a18a6\" data-id=\"e6a18a6\" data-element_type=\"column\" data-e-type=\"column\">\n\t\t\t<div class=\"elementor-widget-wrap elementor-element-populated\">\n\t\t\t\t\t\t<div class=\"elementor-element elementor-element-b69670f elementor-widget elementor-widget-heading\" data-id=\"b69670f\" data-element_type=\"widget\" data-e-type=\"widget\" data-widget_type=\"heading.default\">\n\t\t\t\t<div class=\"elementor-widget-container\">\n\t\t\t\t\t<h2 class=\"elementor-heading-title elementor-size-medium\"><img decoding=\"async\" role=\"img\" class=\"emoji\" alt=\"\ud83d\udd38\" src=\"https:\/\/s.w.org\/images\/core\/emoji\/13.0.1\/svg\/1f538.svg\"><img decoding=\"async\" role=\"img\" class=\"emoji\" alt=\"\ud83d\udd38\" src=\"https:\/\/s.w.org\/images\/core\/emoji\/13.0.1\/svg\/1f538.svg\"> Nuestra Tienda <img decoding=\"async\" role=\"img\" class=\"emoji\" alt=\"\ud83d\udd38\" src=\"https:\/\/s.w.org\/images\/core\/emoji\/13.0.1\/svg\/1f538.svg\"><img decoding=\"async\" role=\"img\" class=\"emoji\" alt=\"\ud83d\udd38\" src=\"https:\/\/s.w.org\/images\/core\/emoji\/13.0.1\/svg\/1f538.svg\"><\/h2>\t\t\t\t<\/div>\n\t\t\t\t<\/div>\n\t\t\t\t<div class=\"elementor-element elementor-element-9b2f734 elementor-align-center elementor-widget elementor-widget-button\" data-id=\"9b2f734\" data-element_type=\"widget\" data-e-type=\"widget\" data-widget_type=\"button.default\">\n\t\t\t\t<div class=\"elementor-widget-container\">\n\t\t\t\t\t\t\t\t\t<div class=\"elementor-button-wrapper\">\n\t\t\t\t\t<a class=\"elementor-button elementor-button-link elementor-size-sm\" href=\"https:\/\/mantrarelax.com\/index.php\/tienda\/\">\n\t\t\t\t\t\t<span class=\"elementor-button-content-wrapper\">\n\t\t\t\t\t\t\t\t\t<span class=\"elementor-button-text\">M\u00e1s Meditaciones<\/span>\n\t\t\t\t\t<\/span>\n\t\t\t\t\t<\/a>\n\t\t\t\t<\/div>\n\t\t\t\t\t\t\t\t<\/div>\n\t\t\t\t<\/div>\n\t\t\t\t\t<\/div>\n\t\t<\/div>\n\t\t\t\t\t<\/div>\n\t\t<\/section>\n\t\t\t\t<\/div>\n\t\t","protected":false},"excerpt":{"rendered":"<p>Escucha nuestro PODCASTA partir de ahora tambi\u00e9n vas a poder disfrutar de todos nuestros art\u00edculos en formato podcast para que puedas escucharlos donde y cuando quieras! \u00a1Escuchanos!T\u00f3mate un descansoLee nuestros posts y r\u00e9lajate aprendiendo m\u00e1s sobre este maravilloso mundo de la meditaci\u00f3n.Leer PostsMeditaciones Guiadas\u00c9chale un vistazo a todas nuestras Meditaciones Guiadas GRATUITAS\u00a1Vamos all\u00e1!Visita Nuestra TiendaEn [&hellip;]<\/p>\n","protected":false},"author":1,"featured_media":0,"parent":0,"menu_order":0,"comment_status":"closed","ping_status":"closed","template":"","meta":{"ocean_post_layout":"","ocean_both_sidebars_style":"","ocean_both_sidebars_content_width":0,"ocean_both_sidebars_sidebars_width":0,"ocean_sidebar":"0","ocean_second_sidebar":"0","ocean_disable_margins":"enable","ocean_add_body_class":"","ocean_shortcode_before_top_bar":"","ocean_shortcode_after_top_bar":"","ocean_shortcode_before_header":"","ocean_shortcode_after_header":"","ocean_has_shortcode":"","ocean_shortcode_after_title":"","ocean_shortcode_before_footer_widgets":"","ocean_shortcode_after_footer_widgets":"","ocean_shortcode_before_footer_bottom":"","ocean_shortcode_after_footer_bottom":"","ocean_display_top_bar":"default","ocean_display_header":"default","ocean_header_style":"","ocean_center_header_left_menu":"0","ocean_custom_header_template":"0","ocean_custom_logo":0,"ocean_custom_retina_logo":0,"ocean_custom_logo_max_width":0,"ocean_custom_logo_tablet_max_width":0,"ocean_custom_logo_mobile_max_width":0,"ocean_custom_logo_max_height":0,"ocean_custom_logo_tablet_max_height":0,"ocean_custom_logo_mobile_max_height":0,"ocean_header_custom_menu":"0","ocean_menu_typo_font_family":"0","ocean_menu_typo_font_subset":"","ocean_menu_typo_font_size":0,"ocean_menu_typo_font_size_tablet":0,"ocean_menu_typo_font_size_mobile":0,"ocean_menu_typo_font_size_unit":"px","ocean_menu_typo_font_weight":"","ocean_menu_typo_font_weight_tablet":"","ocean_menu_typo_font_weight_mobile":"","ocean_menu_typo_transform":"","ocean_menu_typo_transform_tablet":"","ocean_menu_typo_transform_mobile":"","ocean_menu_typo_line_height":0,"ocean_menu_typo_line_height_tablet":0,"ocean_menu_typo_line_height_mobile":0,"ocean_menu_typo_line_height_unit":"","ocean_menu_typo_spacing":0,"ocean_menu_typo_spacing_tablet":0,"ocean_menu_typo_spacing_mobile":0,"ocean_menu_typo_spacing_unit":"","ocean_menu_link_color":"","ocean_menu_link_color_hover":"","ocean_menu_link_color_active":"","ocean_menu_link_background":"","ocean_menu_link_hover_background":"","ocean_menu_link_active_background":"","ocean_menu_social_links_bg":"","ocean_menu_social_hover_links_bg":"","ocean_menu_social_links_color":"","ocean_menu_social_hover_links_color":"","ocean_disable_title":"on","ocean_disable_heading":"default","ocean_post_title":"","ocean_post_subheading":"","ocean_post_title_style":"","ocean_post_title_background_color":"","ocean_post_title_background":0,"ocean_post_title_bg_image_position":"","ocean_post_title_bg_image_attachment":"","ocean_post_title_bg_image_repeat":"","ocean_post_title_bg_image_size":"","ocean_post_title_height":0,"ocean_post_title_bg_overlay":0.5,"ocean_post_title_bg_overlay_color":"","ocean_disable_breadcrumbs":"default","ocean_breadcrumbs_color":"","ocean_breadcrumbs_separator_color":"","ocean_breadcrumbs_links_color":"","ocean_breadcrumbs_links_hover_color":"","ocean_display_footer_widgets":"default","ocean_display_footer_bottom":"default","ocean_custom_footer_template":"0","footnotes":""},"class_list":["post-448","page","type-page","status-publish","hentry","entry","has-media"],"_links":{"self":[{"href":"https:\/\/mantrarelax.com\/index.php\/wp-json\/wp\/v2\/pages\/448","targetHints":{"allow":["GET"]}}],"collection":[{"href":"https:\/\/mantrarelax.com\/index.php\/wp-json\/wp\/v2\/pages"}],"about":[{"href":"https:\/\/mantrarelax.com\/index.php\/wp-json\/wp\/v2\/types\/page"}],"author":[{"embeddable":true,"href":"https:\/\/mantrarelax.com\/index.php\/wp-json\/wp\/v2\/users\/1"}],"replies":[{"embeddable":true,"href":"https:\/\/mantrarelax.com\/index.php\/wp-json\/wp\/v2\/comments?post=448"}],"version-history":[{"count":13,"href":"https:\/\/mantrarelax.com\/index.php\/wp-json\/wp\/v2\/pages\/448\/revisions"}],"predecessor-version":[{"id":1252,"href":"https:\/\/mantrarelax.com\/index.php\/wp-json\/wp\/v2\/pages\/448\/revisions\/1252"}],"wp:attachment":[{"href":"https:\/\/mantrarelax.com\/index.php\/wp-json\/wp\/v2\/media?parent=448"}],"curies":[{"name":"wp","href":"https:\/\/api.w.org\/{rel}","templated":true}]}}